{"id":123,"date":"2022-10-05T16:43:45","date_gmt":"2022-10-05T23:43:45","guid":{"rendered":"https:\/\/avelectrica.com\/?page_id=123"},"modified":"2022-10-05T16:57:35","modified_gmt":"2022-10-05T23:57:35","slug":"nosotros","status":"publish","type":"page","link":"https:\/\/avelectrica.com\/index.php\/nosotros\/","title":{"rendered":"Nosotros"},"content":{"rendered":"<div class=\"fusion-fullwidth fullwidth-box fusion-builder-row-1 fusion-flex-container has-pattern-background has-mask-background nonhundred-percent-fullwidth non-hundred-percent-height-scrolling\" style=\"background-color: rgba(255,255,255,0);background-position: center center;background-repeat: no-repeat;border-width: 0px 0px 0px 0px;border-color:var(--awb-color3);border-style:solid;\" ><div class=\"fusion-builder-row fusion-row fusion-flex-align-items-flex-start\" style=\"max-width:1248px;margin-left: calc(-4% \/ 2 );margin-right: calc(-4% \/ 2 );\"><div class=\"fusion-layout-column fusion_builder_column fusion-builder-column-0 fusion_builder_column_1_3 1_3 fusion-flex-column\"><div class=\"fusion-column-wrapper fusion-flex-justify-content-flex-start fusion-content-layout-column\" style=\"background-position:left top;background-repeat:no-repeat;-webkit-background-size:cover;-moz-background-size:cover;-o-background-size:cover;background-size:cover;padding: 0px 0px 0px 0px;\"><div ><style>.fusion-imageframe.imageframe-1 img{aspect-ratio:2 \/ 3;object-position:64% 64%;}<\/style><span class=\" fusion-imageframe imageframe-none imageframe-1 hover-type-none has-aspect-ratio fusion-animated\" style=\"border-radius:20px;\" data-animationType=\"fadeInLeft\" data-animationDuration=\"2.0\" data-animationOffset=\"top-into-view\"><img width=\"1080\" height=\"1080\" title=\"imagen_2022-10-05_165545001\" src=\"http:\/\/avelectrica.com\/wp-content\/uploads\/2022\/10\/imagen_2022-10-05_165545001.png\" class=\"img-responsive wp-image-138 img-with-aspect-ratio\" alt srcset=\"https:\/\/avelectrica.com\/wp-content\/uploads\/2022\/10\/imagen_2022-10-05_165545001-200x200.png 200w, https:\/\/avelectrica.com\/wp-content\/uploads\/2022\/10\/imagen_2022-10-05_165545001-400x400.png 400w, https:\/\/avelectrica.com\/wp-content\/uploads\/2022\/10\/imagen_2022-10-05_165545001-600x600.png 600w, https:\/\/avelectrica.com\/wp-content\/uploads\/2022\/10\/imagen_2022-10-05_165545001-800x800.png 800w, https:\/\/avelectrica.com\/wp-content\/uploads\/2022\/10\/imagen_2022-10-05_165545001.png 1080w\" sizes=\"(max-width: 640px) 100vw, 400px\" \/><\/span><\/div><\/div><style type=\"text\/css\">.fusion-body .fusion-builder-column-0{width:33.333333333333% !important;margin-top : 0px;margin-bottom : 20px;}.fusion-builder-column-0 > .fusion-column-wrapper {padding-top : 0px !important;padding-right : 0px !important;margin-right : 5.76%;padding-bottom : 0px !important;padding-left : 0px !important;margin-left : 5.76%;}@media only screen and (max-width:1024px) {.fusion-body .fusion-builder-column-0{width:33.333333333333% !important;order : 0;}.fusion-builder-column-0 > .fusion-column-wrapper {margin-right : 5.76%;margin-left : 5.76%;}}@media only screen and (max-width:640px) {.fusion-body .fusion-builder-column-0{width:100% !important;order : 0;}.fusion-builder-column-0 > .fusion-column-wrapper {margin-right : 1.92%;margin-left : 1.92%;}}<\/style><\/div><div class=\"fusion-layout-column fusion_builder_column fusion-builder-column-1 fusion_builder_column_2_3 2_3 fusion-flex-column\"><div class=\"fusion-column-wrapper fusion-flex-justify-content-flex-start fusion-content-layout-column\" style=\"background-position:left top;background-repeat:no-repeat;-webkit-background-size:cover;-moz-background-size:cover;-o-background-size:cover;background-size:cover;padding: 0px 0px 0px 0px;\"><div class=\"fusion-text fusion-text-1 fusion-text-split-columns fusion-text-columns-2 fusion-animated\" style=\"text-align:justify; -webkit-column-count:2; -webkit-column-gap:2em; -webkit-column-width:100px; -moz-column-count:2; -moz-column-gap:2em; -moz-column-width:100px; column-count:2; column-gap:2em; column-width:100px;font-family:&quot;Atkinson Hyperlegible&quot;;font-weight:400;\" data-animationType=\"fadeInLeft\" data-animationDuration=\"2.0\" data-animationOffset=\"top-into-view\"><div class=\"plain sk-content-wrapper-83639232 sk-sg-83639232\">\n<div id=\"e83639232\">\n<div id=\"section_wrapper_83639232\" class=\"sectionCell sectionFirst active nolink\" role=\"region\" data-reactroot=\"\" aria-labelledby=\"sk-sg-tab-83639232\">\n<div class=\"secBody sk-sg-body-83639232 active sk-animation-completed\">\n<div class=\"secBodyWrapper\">\n<div class=\"secBodyInnerWrapper\">\n<div class=\"plain sk-content-wrapper-83639274\">\n<div id=\"e83639274\" class=\"\">\n<div class=\"contentAreaElement elmRte rte-content-holder\" contenteditable=\"false\" data-bind=\"editableHTML: properties.HtmlText\">\n<p class=\"plain\"><span class=\"plainlarge\">Con mas de 15 a\u00f1os de experiencia en el ramo de\u00a0<b>Servicio, Obra, Mantenimiento e Instalaci\u00f3n El\u00e9ctrica<\/b>\u00a0nos hemos caracterizado por cumplir fielmente\u00a0 con las necesidades de nuestros clientes alrededor del pa\u00eds, trabajando para reconocidas empresas con Grumesa, Constructora Jan, CFE, UABC entre otros. En ese tiempo hemos adquirido la experiencia necesaria para ser considerados l\u00edderes en el sector dentro de Mexicali y todo el estado de<b>\u00a0Baja California<\/b>.<\/span><\/p>\n<p class=\"plain\"><span class=\"plainlarge\">Estamos comprometidos en poner a tu alcance soluciones integrales y lo conseguimos a trav\u00e9s de una atenci\u00f3n personalizada que nos permite de conocer a fondo tus requerimientos y con mantenimiento e instalaciones adecuadas. Nuestros est\u00e1ndares de calidad son bastante altos para no solamente cumplir tus expectativas del servicio, sino superarlos para conseguir tu completa satisfacci\u00f3n.<\/span><\/p>\n<p class=\"plain\"><span class=\"plainlarge\">Somos una empresa caracterizada por trabajos profesionales, puntuales y de alta calidad, as\u00ed como por una atenci\u00f3n honesta. Esto nos ha llevado a contar con clientes satisfechos que nos prefieren cuando necesitan nuevas\u00a0<b>instalaciones el\u00e9ctricas<\/b>\u00a0o servicios de mantenimiento en sus instalaciones.<\/span><\/p>\n<\/div>\n<\/div>\n<\/div>\n<\/div>\n<\/div>\n<\/div>\n<\/div>\n<\/div>\n<\/div>\n<div class=\"plain sk-content-wrapper-83639244 sk-sg-83639244\">\n<div id=\"e83639244\">\n<div id=\"section_wrapper_83639244\" class=\"sectionCell sectionLast noactive nolink\" role=\"region\" data-reactroot=\"\" aria-labelledby=\"sk-sg-tab-83639244\">\n<div class=\"secBody sk-sg-body-83639244 noactive sk-animation-completed\">\n<div class=\"secBodyWrapper\">\n<div class=\"secBodyInnerWrapper\">\n<div class=\"plain sk-content-wrapper-83639273\">\n<div id=\"e83639273\" class=\"\">\n<div class=\"contentAreaElement elmRte rte-content-holder\" contenteditable=\"false\" data-bind=\"editableHTML: properties.HtmlText\">\n<p class=\"plain\"><span class=\"plainlarge\">Estamos conformados por un equipo de trabajo en constante capacitacion y con la experiencia necesaria para brindarte una asesor\u00eda adecuada en caso de que lo requieras. Adem\u00e1s, nos mantenemos a la vanguardia para ofrecerle a tu empresa solamente las mejores opciones.<\/span><\/p>\n<p class=\"plain\"><span class=\"plainlarge\">Cont\u00e1ctanos y comprueba porqu\u00e9 una gran cantidad de clientes nos recomienda en Mexicali, Baja California, as\u00ed como en el resto del pa\u00eds gracia a nuestra cobertura nacional. Ponemos a tu disposici\u00f3n los medios publicados en este espacio para que solicites m\u00e1s informaci\u00f3n. Ser\u00e1 un gusto atenderte.<\/span><\/p>\n<\/div>\n<\/div>\n<\/div>\n<\/div>\n<\/div>\n<\/div>\n<\/div>\n<\/div>\n<\/div>\n<\/div><div class=\"fusion-text fusion-text-2 fusion-animated\" style=\"font-family:&quot;Atkinson Hyperlegible&quot;;font-weight:400;\" data-animationType=\"flipinx\" data-animationDuration=\"1.3\" data-animationOffset=\"top-into-view\"><h2><strong>\u00a1Servicios de calidad en toda Baja California y el resto del Pais!<\/strong><\/h2>\n<\/div><\/div><style type=\"text\/css\">.fusion-body .fusion-builder-column-1{width:66.666666666667% !important;margin-top : 0px;margin-bottom : 20px;}.fusion-builder-column-1 > .fusion-column-wrapper {padding-top : 0px !important;padding-right : 0px !important;margin-right : 2.88%;padding-bottom : 0px !important;padding-left : 0px !important;margin-left : 2.88%;}@media only screen and (max-width:1024px) {.fusion-body .fusion-builder-column-1{width:66.666666666667% !important;order : 0;}.fusion-builder-column-1 > .fusion-column-wrapper {margin-right : 2.88%;margin-left : 2.88%;}}@media only screen and (max-width:640px) {.fusion-body .fusion-builder-column-1{width:100% !important;order : 0;}.fusion-builder-column-1 > .fusion-column-wrapper {margin-right : 1.92%;margin-left : 1.92%;}}<\/style><\/div><\/div><style type=\"text\/css\">.fusion-body .fusion-flex-container.fusion-builder-row-1{ padding-top : 0px;margin-top : 0px;padding-right : 0px;padding-bottom : 0px;margin-bottom : 0px;padding-left : 0px;}<\/style><\/div>\n","protected":false},"excerpt":{"rendered":"","protected":false},"author":1,"featured_media":0,"parent":0,"menu_order":0,"comment_status":"closed","ping_status":"closed","template":"100-width.php","meta":{"om_disable_all_campaigns":false,"_monsterinsights_skip_tracking":false,"_monsterinsights_sitenote_active":false,"_monsterinsights_sitenote_note":"","_monsterinsights_sitenote_category":0},"aioseo_notices":[],"_links":{"self":[{"href":"https:\/\/avelectrica.com\/index.php\/wp-json\/wp\/v2\/pages\/123"}],"collection":[{"href":"https:\/\/avelectrica.com\/index.php\/wp-json\/wp\/v2\/pages"}],"about":[{"href":"https:\/\/avelectrica.com\/index.php\/wp-json\/wp\/v2\/types\/page"}],"author":[{"embeddable":true,"href":"https:\/\/avelectrica.com\/index.php\/wp-json\/wp\/v2\/users\/1"}],"replies":[{"embeddable":true,"href":"https:\/\/avelectrica.com\/index.php\/wp-json\/wp\/v2\/comments?post=123"}],"version-history":[{"count":10,"href":"https:\/\/avelectrica.com\/index.php\/wp-json\/wp\/v2\/pages\/123\/revisions"}],"predecessor-version":[{"id":139,"href":"https:\/\/avelectrica.com\/index.php\/wp-json\/wp\/v2\/pages\/123\/revisions\/139"}],"wp:attachment":[{"href":"https:\/\/avelectrica.com\/index.php\/wp-json\/wp\/v2\/media?parent=123"}],"curies":[{"name":"wp","href":"https:\/\/api.w.org\/{rel}","templated":true}]}}